{"id":3883,"date":"2017-05-04T20:26:06","date_gmt":"2017-05-04T20:26:06","guid":{"rendered":"http:\/\/www.hashtagproducciones.com.ve\/web\/?page_id=3883"},"modified":"2017-07-28T16:06:38","modified_gmt":"2017-07-28T16:06:38","slug":"quienes-somos","status":"publish","type":"page","link":"https:\/\/hashtagproducciones.com.ve\/web\/quienes-somos\/","title":{"rendered":"Qui\u00e9nes Somos"},"content":{"rendered":"<p style=\"text-align: justify;\"><strong> <a href=\"http:\/\/www.hashtagproducciones.com.ve\/web\/wp-content\/uploads\/2017\/05\/Web-Quienes-Somos.jpg\"><img loading=\"lazy\" decoding=\"async\" class=\" wp-image-3887 alignleft\" src=\"http:\/\/www.hashtagproducciones.com.ve\/web\/wp-content\/uploads\/2017\/05\/Web-Quienes-Somos-300x225.jpg\" alt=\"\" width=\"407\" height=\"305\" srcset=\"https:\/\/hashtagproducciones.com.ve\/web\/wp-content\/uploads\/2017\/05\/Web-Quienes-Somos-300x225.jpg 300w, https:\/\/hashtagproducciones.com.ve\/web\/wp-content\/uploads\/2017\/05\/Web-Quienes-Somos-768x576.jpg 768w, https:\/\/hashtagproducciones.com.ve\/web\/wp-content\/uploads\/2017\/05\/Web-Quienes-Somos-1024x768.jpg 1024w, https:\/\/hashtagproducciones.com.ve\/web\/wp-content\/uploads\/2017\/05\/Web-Quienes-Somos.jpg 2048w\" sizes=\"auto, (max-width: 407px) 100vw, 407px\" \/><\/a><\/strong><\/p>\n<p style=\"text-align: justify;\"><strong>Somos una empresa HECHO EN VENEZUELA compuesta por j\u00f3venes profesionales emprendedores inspirada en tendencias vanguardistas.<\/strong><\/p>\n<p style=\"text-align: justify;\"><strong>Brindamos una variedad de servicios de entretenimiento innovadores y creativos dedicados especialmente al alquiler de Cabinas de fotos y Estaciones de Carga de dispositivos m\u00f3viles en Caracas, con un concepto original que utiliza lo m\u00e1s avanzado en tecnolog\u00eda y un estilo diferente que rompe con los est\u00e1ndares comunes.<\/strong><\/p>\n<p style=\"text-align: justify;\"><strong>Nuestro compromiso es hacer de cada evento algo \u00fanico aplicando nuestro conocimiento y profesionalismo, de esta manera tus invitados se divertir\u00e1n al m\u00e1ximo haciendo de ese d\u00eda especial una experiencia inolvidable, viral, con las cabinas m\u00e1s trending del momento.<\/strong><\/p>\n","protected":false},"excerpt":{"rendered":"<p>Somos una empresa HECHO EN VENEZUELA compuesta por j\u00f3venes profesionales emprendedores inspirada en tendencias vanguardistas. Brindamos una variedad de servicios de entretenimiento innovadores y creativos dedicados especialmente al alquiler de Cabinas de fotos y Estaciones de Carga de dispositivos m\u00f3viles en Caracas, con un concepto original que utiliza lo m\u00e1s avanzado en tecnolog\u00eda y un&#8230; <a class=\"read-more\" href=\"https:\/\/hashtagproducciones.com.ve\/web\/quienes-somos\/\"> READ MORE<\/a><\/p>\n","protected":false},"author":1,"featured_media":0,"parent":0,"menu_order":0,"comment_status":"closed","ping_status":"closed","template":"","meta":{"inline_featured_image":false,"footnotes":""},"class_list":["post-3883","page","type-page","status-publish","hentry"],"aioseo_notices":[],"_links":{"self":[{"href":"https:\/\/hashtagproducciones.com.ve\/web\/wp-json\/wp\/v2\/pages\/3883","targetHints":{"allow":["GET"]}}],"collection":[{"href":"https:\/\/hashtagproducciones.com.ve\/web\/wp-json\/wp\/v2\/pages"}],"about":[{"href":"https:\/\/hashtagproducciones.com.ve\/web\/wp-json\/wp\/v2\/types\/page"}],"author":[{"embeddable":true,"href":"https:\/\/hashtagproducciones.com.ve\/web\/wp-json\/wp\/v2\/users\/1"}],"replies":[{"embeddable":true,"href":"https:\/\/hashtagproducciones.com.ve\/web\/wp-json\/wp\/v2\/comments?post=3883"}],"version-history":[{"count":10,"href":"https:\/\/hashtagproducciones.com.ve\/web\/wp-json\/wp\/v2\/pages\/3883\/revisions"}],"predecessor-version":[{"id":4371,"href":"https:\/\/hashtagproducciones.com.ve\/web\/wp-json\/wp\/v2\/pages\/3883\/revisions\/4371"}],"wp:attachment":[{"href":"https:\/\/hashtagproducciones.com.ve\/web\/wp-json\/wp\/v2\/media?parent=3883"}],"curies":[{"name":"wp","href":"https:\/\/api.w.org\/{rel}","templated":true}]}}